?
True
Is 1641482 a multiple of 1559?
False
Does 2637 divide 933383?
False
Does 38 divide 355335188?
True
Is 729 a factor of 180134442?
True
Is 74 a factor of 60845577?
False
Is 308857530 a multiple of 34?
True
Is 1064959 a multiple of 14?
False
Is 914621591 a multiple of 26?
False
Is 341852728 a multiple of 4564?
True
Does 3482 divide 4443390646?
True
Is 16 a factor of 240876512?
True
Is 75120840 a multiple of 1065?
True
Is 4111788 a multiple of 12?
True
Is 9 a factor of 13326711?
False
Is 1005923569 a multiple of 567?
False
Does 59 divide 109026395?
True
Is 8412360 a multiple of 10?
True
Is 748 a factor of 689309649?
False
Is 12605040 a multiple of 90?
True
Is 34 a factor of 3199036744?
True
Does 3259 divide 905845568?
True
Does 7 divide 13219313?
False
Does 48 divide 78346402?
False
Does 505 divide 17927500?
True
Is 13 a factor of 3061994?
True
Does 18 divide 686491782?
False
Is 23 a factor of 74481015?
True
Is 131 a factor of 213952286?
False
Is 106 a factor of 2142223082?
False
Does 2050 divide 339933050?
True
Is 212954 a multiple of 287?
True
Is 334320399 a multiple of 1333?
True
Is 2 a factor of 56920614?
True
Is 2810 a factor of 184661960?
True
Does 21 divide 991736695?
False
Is 205 a factor of 2295590?
True
Does 3736 divide 634335440?
True
Does 10 divide 30772932?
False
Is 1317896 a multiple of 1028?
True
Is 19 a factor of 191758165?
True
Is 251 a factor of 53732323?
True
Does 2186 divide 3895813085?
False
Is 7 a factor of 32361752?
False
Is 1099 a factor of 399445075?
False
Is 54011120 a multiple of 284?
True
Is 34307520 a multiple of 13?
True
Is 700 a factor of 564763041?
False
Is 502293583 a multiple of 7039?
False
Is 5223 a factor of 165057246?
True
Is 633109176 a multiple of 12?
True
Is 619 a factor of 659867979?
False
Is 7 a factor of 211744449?
True
Does 238 divide 64816682?
True
Does 53 divide 389096418?
False
Is 103 a factor of 12291227?
False
Does 270 divide 33963041?
False
Is 1013 a factor of 4899881?
True
Does 2482 divide 19180896?
True
Is 129051898 a multiple of 3597?
False
Is 1049678476 a multiple of 2387?
True
Does 114 divide 883366392?
True
Is 4404278 a multiple of 691?
False
Does 6 divide 47015784?
True
Is 260 a factor of 638785940?
True
Is 73 a factor of 38680291?
True
Is 748530960 a multiple of 240?
True
Is 1054 a factor of 825817432?
True
Is 340566060 a multiple of 3530?
False
Is 21 a factor of 853911975?
True
Is 9279236 a multiple of 958?
False
Is 1784143743 a multiple of 36?
False
Is 370 a factor of 512731900?
False
Is 1862499904 a multiple of 3184?
True
Is 648 a factor of 57747168?
True
Is 85271409 a multiple of 2007?
True
Does 18505 divide 3058338945?
False
Is 167 a factor of 118336701?
True
Does 68 divide 239937?
False
Is 261944207 a multiple of 1203?
False
Is 437732932 a multiple of 28?
True
Is 454 a factor of 29519251?
False
Does 30 divide 269236800?
True
Does 21 divide 336522831?
False
Is 9428 a factor of 3154259964?
True
Is 1749488725 a multiple of 28?
False
Is 5421419 even?
False
Is 22702680 a multiple of 441?
True
Is 243570088 a multiple of 8?
True
Is 4 a factor of 5075922?
False
Is 47085516 a multiple of 172?
True
Is 3104 a factor of 2978827?
False
Does 12 divide 1010940394?
False
Does 28 divide 15777217?
False
Is 841944882 a multiple of 523?
False
Does 59 divide 431114091?
False
Is 212 a factor of 154312044?
True
Is 55527085 a multiple of 365?
True
Does 115 divide 1807708?
False
Does 10 divide 43605468?
False
Is 172096624 a multiple of 75?
False
Is 12099555 a multiple of 185?
True
Is 78345902 a multiple of 690?
False
Is 117509747 a multiple of 678?
False
Is 252 a factor of 17119368?
True
Is 1875 a factor of 12331875?
True
Does 194 divide 285326858?
True
Does 43 divide 16318740?
False
Does 500 divide 4880023387?
False
Is 44 a factor of 309229486?
False
Is 4000640 a multiple of 70?
True
Is 50 a factor of 298101690?
False
Is 826 a factor of 32419560?
False
Is 63 a factor of 94676?
False
Does 15 divide 11805491?
False
Is 23446949 a multiple of 138?
False
Does 453 divide 3016152822?
True
Is 1327 a factor of 22386490?
True
Is 13 a factor of 57540327?
True
Does 186 divide 20942112?
True
Does 3376 divide 529653888?
True
Does 122 divide 1125178062?
True
Does 276 divide 145363128?
True
Does 2 divide 70766615?
False
Is 36437513 a multiple of 133?
False
Is 753 a factor of 19833016?
False
Is 1168844496 a multiple of 17?
False
Is 3 a factor of 4175697?
True
Is 58 a factor of 12696780?
True
Is 118514352 a multiple of 3958?
False
Does 95 divide 509203913?
False
Is 12547315 a multiple of 110?
False
Is 50872882 a multiple of 290?
False
Is 37 a factor of 2085603665?
False
Does 494 divide 5047692?
True
Is 58985349 a multiple of 433?
False
Is 959333711 a multiple of 674?
False
Is 2228296728 a multiple of 352?
False
Is 549 a factor of 329835906?
True
Is 3268 a factor of 163198687?
False
Does 945 divide 744212070?
True
Does 20 divide 136239880?
True
Does 124 divide 84180376?
True
Is 23 a factor of 26528538?
False
Is 18613104 a multiple of 3?
True
Is 70 a factor of 147877796?
False
Does 382 divide 37399710?
True
Does 37 divide 583144087?
True
Is 6003 a factor of 752442183?
False
Is 12001730 a multiple of 2795?
True
Is 952375525 a multiple of 13?
False
Is 1546 a factor of 92760122?
False
Is 332278958 a multiple of 235?
False
Is 35446071 a multiple of 786?
False
Does 21 divide 119384622?
True
Is 41577644 a multiple of 9?
False
Does 43 divide 52328601?
False
Does 31 divide 40064666?
False
Is 1925882192 a multiple of 523?
False
Is 36338310 a multiple of 30?
True
Is 102 a factor of 3086898?
False
Is 1359 a factor of 4358313?
True
Is 4262720 a multiple of 35?
True
Is 5336979597 a multiple of 8023?
False
Does 182 divide 1203020?
True
Is 1916 a factor of 182790232?
True
Is 831 a factor of 195048780?
False
Is 2659286448 a multiple of 6?
True
Is 283341520 a multiple of 73?
False
Is 1536 a factor of 52153904?
False
Is 40 a factor of 39442060?
False
Is 290 a factor of 18160532?
False
Is 8 a factor of 21676013?
False
Does 207 divide 161483764?
False
Does 4005 divide 418354290?
True
Is 611362738 a multiple of 901?
True
Does 15 divide 1121682795?
True
Is 2725512468 a multiple of 463?
True
Does 67 divide 7343468?
True
Does 15 divide 11511911?
False
Is 9 a factor of 70844908?
False
Is 1067 a factor of 2215457981?
True
Is 5898004 a multiple of 28?
True
Is 3562385 a multiple of 5?
True
Is 138268752 a multiple of 73?
False
Does 50 divide 7806850?
True
Is 6 a factor of 15984029?
False
Is 350 a factor of 8389052?
False
Does 1433 divide 530184028?
False
Does 13771 divide 3313467852?
True
Does 976 divide 88333620?
False
Is 10 a factor of 589436420?
True
Is 135 a factor of 389177147?
False
Is 7 a factor of 1657989?
False
Is 683934270 a multiple of 9?
False
Is 187 a factor of 57419659?
True
Does 26 divide 103205596?
True
Does 253 divide 289263021?
False
Does 240 divide 324884400?
True
Is 352953374 a multiple of 58?
True
Does 56 divide 824537346?
False
Is 1226992960 a multiple of 20?
True
Is 1780 a factor of 69841549?
False
Is 36 a factor of 87060852?
True
Is 2178791535 a multiple of 27?
False
Is 255 a factor of 32140350?
False
Does 4874 divide 60138516?
False
Is 394086786 a multiple of 1842?
False
Is 3747 a factor of 799782959?
False
Is 315 a factor of 3130193359?
False
Does 13 divide 35433138?
True
Does 65 divide 144710865?
True
Is 608686393 a multiple of 145?
False
Does 29 divide 94513736?
False
Is 410 a factor of 197237880?
True
Is 9 a factor of 170890049?
False
Is 80 a factor of 85580999?
False
Is 2332991997 a multiple of 9?
True
Is 29 a factor of 291664512?
False
Does 95 divide 763371568?
False
Is 4 a factor of 20731069?
False
Does 320 divide 272483604?
False
Is 138241575 a multiple of 75?
True
Is 5634 a factor of 2913290694?
True
Is 1588055883 a multiple of 828?
False
Is 14 a factor of 12953759?
False
Is 23323486 a multiple of 79?
True
Is 585 a factor of 239072529?
False
Is 42341310 a multiple of 9?
True
Is 57 a factor of 2641124583?
True
Does 11 divide 855842559?
True
Is 2049174 a multiple of 47?
False
Does 27 divide 199753612?
False
Does 11 divide 706742676?
False
Does 207 divide 1101832227?
True
Is 2648 a factor of 150814192?
True
Is 1278933172 a multiple of 1176?
False
Is 1430 a factor of 19695390?
True
Is 1149 a factor of 97739685?
Tru